{"id":188,"date":"2024-03-19T02:25:56","date_gmt":"2024-03-19T02:25:56","guid":{"rendered":"https:\/\/wasg.info\/?page_id=188"},"modified":"2025-04-18T03:28:15","modified_gmt":"2025-04-18T03:28:15","slug":"spain-2024","status":"publish","type":"page","link":"https:\/\/wasg.info\/index.php\/spain-2024\/","title":{"rendered":"Spain 2024"},"content":{"rendered":"\n\n\n\n\n<h2>MEN\u00da PRINCIPAL&nbsp; *|*&nbsp; MENU NAGUSIA&nbsp; *|*&nbsp; MAIN MENU<\/h2>\n\n\n\n\n<p><img decoding=\"async\" src=\"https:\/\/wasg.info\/wp-content\/uploads\/2024\/05\/image-5.png\"><\/p>\n<p><img decoding=\"async\" src=\"https:\/\/wasg.info\/wp-content\/uploads\/2024\/05\/image-6.png\"><\/p>\n<p><img decoding=\"async\" src=\"https:\/\/wasg.info\/wp-content\/uploads\/2024\/05\/image-7.png\"><br><\/p>\n\n\n\n\n\n\n<p><img decoding=\"async\" src=\"https:\/\/wasg.info\/wp-content\/uploads\/2024\/05\/image-8.png\"><\/p>\n<p><img decoding=\"async\" src=\"https:\/\/wasg.info\/wp-content\/uploads\/2024\/05\/image-9.png\"><\/p>\n<p><img decoding=\"async\" src=\"https:\/\/wasg.info\/wp-content\/uploads\/2024\/05\/image-10.png\"><br><\/p>\n\n\n\n\n\n\n<p><img decoding=\"async\" src=\"https:\/\/wasg.info\/wp-content\/uploads\/2024\/05\/image-11.png\"><\/p>\n<p><img decoding=\"async\" src=\"https:\/\/wasg.info\/wp-content\/uploads\/2024\/05\/image-12.png\"><\/p>\n<p><img decoding=\"async\" src=\"https:\/\/wasg.info\/wp-content\/uploads\/2024\/05\/image-13.png\"><br><\/p>\n\n\n\n\n\n\n<p><img decoding=\"async\" src=\"https:\/\/wasg.info\/wp-content\/uploads\/2024\/05\/image-14.png\"><\/p>\n<p><img decoding=\"async\" src=\"https:\/\/wasg.info\/wp-content\/uploads\/2024\/05\/image-15.png\"><\/p>\n<p><img decoding=\"async\" src=\"https:\/\/wasg.info\/wp-content\/uploads\/2024\/05\/image-16.png\"><br><\/p>\n\n\n\n\n\n\n<p><img decoding=\"async\" src=\"https:\/\/wasg.info\/wp-content\/uploads\/2024\/05\/image-17.png\"><br><\/p>\n\n\n\n\n\n\n<p><span style=\"font-weight: bolder; text-align: center; background-color: rgb(250, 250, 72); font-size: large;\"><span style=\"background-color: rgb(235, 214, 255);\"><u>ZONA DE DESCARGAS:<\/u><\/span><a href=\"http:\/\/wasg.info\/mundialito\/Reglamento_Alava_2024.pdf\"><br><\/a><\/span><span style=\"font-weight: bolder; text-align: center; background-color: rgb(250, 250, 72); font-size: large;\"><a href=\"http:\/\/wasg.info\/mundialito\/Reglamento_Alava_2024.pdf\">REGLAMENTO DE LA COMPETENCIA, CLIC AQU\u00cd<\/a><br><\/span><span style=\"text-align: center; background-color: rgb(250, 250, 72); font-weight: bolder;\">Reglamento de ARTZIKIROL |&nbsp;<a href=\"http:\/\/wasg.info\/mundialito\/Reglamento_Artzikirol.pdf\">CLIC AQU\u00cd<\/a><br>Reglamento de DATCHBALL |&nbsp;<a href=\"http:\/\/wasg.info\/mundialito\/Reglamento_Datchball.pdf\">CLIC AQU\u00cd<\/a><br>Reglamento de GOUBAK |&nbsp;<a href=\"http:\/\/wasg.info\/mundialito\/Reglamento_Goubak.pdf\">CLIC AQU\u00cd<\/a><br>Reglamento de KABADDI |&nbsp;<a href=\"http:\/\/wasg.info\/mundialito\/Reglamento_Kabaddi_KX4.pdf\">CLIC AQU\u00cd<\/a><\/span><br><\/p>\n\n\n\n\n\n\n\n\n\n\n\n\n\n\n\n\n\n\n\n\n\n\n\n\n\n\n\n\n\n\n\n\n\n1\u00b0 Torneo Clasificatorio \u00c1lava 2024<br>\n\n\n\n\n\n<h5><span style=\"color: rgb(255, 255, 255);\">VIDEO ARTZIKIROL<\/span><\/h5><p><span style=\"color: rgb(255, 255, 255);\"><\/span><\/p>\n<p><br><\/p>\n\n\n<h5><span style=\"color: rgb(255, 255, 255);\">VIDEO DATCHBALL<\/span><\/h5>\n<p><br><\/p>\n\n\n<h5><span style=\"color: rgb(255, 255, 255);\">VIDEOS GOUBAK<\/span><\/h5>\n<p><br><\/p>\n\n\n<h5><span style=\"color: rgb(255, 255, 255);\">VIDEO KABADDI<\/span><\/h5>\n<p><br><\/p>\n\n\n\n\n<p style=\"text-align: center;\"><strong style=\"font-family: Helvetica; font-size: large;\">EQUIPOS INSCRIPTOS:<\/strong><\/p>\n\nEquipo organizador\n\nIniciamos este proyecto, iremos creciendo y sumando voluntades y DEPORTES ALTERNATIVOS.\n\n\n\n\n<p><span style=\"color: rgb(255, 255, 255);\"><strong>WASG<\/strong><\/span><\/p>\n\n\n\n\n\n\n\n\n<p><span style=\"color: rgb(255, 255, 255);\"><strong>Artzikirol<\/strong><\/span><\/p>\n\n\n\n\n\n\n\n\n<p><span style=\"color: rgb(255, 255, 255);\"><strong>Datchball<\/strong><\/span><\/p>\n\n\n\n\n\n\n\n\n<p><span style=\"color: rgb(255, 255, 255);\"><strong>Goubak<\/strong><\/span><\/p>\n\n\n\n\n\n\n\n\n\n\nWASG (World Alternative Sports &amp; Games) es una instituci\u00f3n global que re\u00fane voluntades de todo el mundo en pos del desarrollo, divulgaci\u00f3n, capacitaci\u00f3n y alto rendimiento en Deportes Alternativos, los cuales incluyen Deportes Emergentes, Juegos Ancestrales, Juegos Tradicionales y Nuevas Tendencias Deportivas.\n\n\n\n\n\n\n\n<h3>\u00a1Est\u00e1s invitado al 1\u00b0 Torneo Clasificatorio!<\/h3>\n<p><strong>El s\u00e1bado 25 y domingo 26 disputaremos en \u00c1lava, el 1\u00b0 Torneo Clasificatorio para el Mundialito 2025. Diez (10) equipos participar\u00e1n en esta edici\u00f3n inaugural a disputarse en \u00c1lava, Pa\u00eds Vasco.<\/strong><br><br><\/p>\n\n\nPreguntas y respuestas\n\n\n\n\n<p>El sistema de disputa ser\u00e1n partidos (de los 4 deportes) durante 2 (dos) d\u00edas de acuerdo al cronograma propuesto. Cada Equipo disputar\u00e1 un m\u00ednimo de 4 (cuatro) partidos de cada uno de los 4 deportes iniciales. Sumar\u00e1n puntos de acuerdo a las posiciones finales de cada deporte.<\/p>\n\n\n\n\n\n\n<p>Los Deportes Alternativos para esta 1\u00b0 edici\u00f3n del Torneo Clasificatorio ser\u00e1n:<\/p>\n<p>1) <strong>ARTZIKIROL <\/strong>\/ <a href=\"https:\/\/www.wasg.info\/mundialito\/Reglamento_Artzikirol.pdf\">VER REGLAS<\/a><\/p>\n<p>2) <strong>DATCHBALL <\/strong><a href=\"https:\/\/www.wasg.info\/mundialito\/Reglamento_Datchball.pdf\">\/ VER REGLAS<\/p>\n<p>3) <strong>GOUBAK <\/strong><a href=\"https:\/\/www.wasg.info\/mundialito\/Reglamento_Goubak.pdf\">\/ VER REGLAS<\/p>\n<p>4) <strong>KABADDI <\/strong><a href=\"https:\/\/www.wasg.info\/mundialito\/Reglamento_Kabaddi_KX4.pdf\">\/ VER REGLAS<\/p>\n\n\n\n\n\n\nInscripci\u00f3n gratuita.\n\n\n\n\n\n\n\n\n\nWASG Team\n<p><span style=\"color: rgb(242, 242, 242);\">Competencias&nbsp;<br><\/span><span style=\"color: rgb(242, 242, 242);\">+54 92945 602500<\/span><\/p>\n<p><span style=\"color: rgb(242, 242, 242);\">Marketing <br><\/span><font color=\"#f2f2f2\">+57 304 3784520<\/font><span style=\"color: rgb(242, 242, 242);\">&nbsp;<\/span><\/p>\n\n\n\n<p style=\"color: rgb(255, 255, 255);\">Mundialito de Deportes Alternativos 2025 se disputar\u00e1 en Espa\u00f1a, con una grilla de deportes a confirmar durante el a\u00f1o en curso. Es la idea sumar Deportes Alternativos de Espa\u00f1a y el mundo.&nbsp;<\/p>\n\n\n&nbsp; &nbsp; &nbsp; &nbsp; &nbsp; SEDES&nbsp;\n<span style=\"color:#ff9900;\">&nbsp; &nbsp; &nbsp; &nbsp;\u00c1LAVA, ESPA\u00d1A<\/span>\n<p style=\"color: rgb(255, 255, 255); font-size: large; text-align: center;\"><strong style=\"font-size: large;\">Artziniega<br>Amurrio<br>Luiaondo<br>Llodio<br>Oquendo<\/strong><\/p>\n\n\nCONTACTO\nVia Email:<br>goubaksport@gmail.com<br>world@wasg.info\nVia Whatsapp:<br>+34 605 07 70 77<br>\n\n\n\n\n\n\n\n","protected":false},"excerpt":{"rendered":"","protected":false},"author":1,"featured_media":0,"parent":0,"menu_order":0,"comment_status":"closed","ping_status":"closed","template":"","meta":{"footnotes":""},"class_list":["post-188","page","type-page","status-publish","hentry"],"_links":{"self":[{"href":"https:\/\/wasg.info\/index.php\/wp-json\/wp\/v2\/pages\/188","targetHints":{"allow":["GET"]}}],"collection":[{"href":"https:\/\/wasg.info\/index.php\/wp-json\/wp\/v2\/pages"}],"about":[{"href":"https:\/\/wasg.info\/index.php\/wp-json\/wp\/v2\/types\/page"}],"author":[{"embeddable":true,"href":"https:\/\/wasg.info\/index.php\/wp-json\/wp\/v2\/users\/1"}],"replies":[{"embeddable":true,"href":"https:\/\/wasg.info\/index.php\/wp-json\/wp\/v2\/comments?post=188"}],"version-history":[{"count":52,"href":"https:\/\/wasg.info\/index.php\/wp-json\/wp\/v2\/pages\/188\/revisions"}],"predecessor-version":[{"id":342,"href":"https:\/\/wasg.info\/index.php\/wp-json\/wp\/v2\/pages\/188\/revisions\/342"}],"wp:attachment":[{"href":"https:\/\/wasg.info\/index.php\/wp-json\/wp\/v2\/media?parent=188"}],"curies":[{"name":"wp","href":"https:\/\/api.w.org\/{rel}","templated":true}]}}